{"id":87,"date":"2019-01-10T13:35:30","date_gmt":"2019-01-10T12:35:30","guid":{"rendered":"http:\/\/nfinity-beta.pl\/platforma-medyczna\/?page_id=87"},"modified":"2019-01-16T16:15:05","modified_gmt":"2019-01-16T15:15:05","slug":"mapa-strony","status":"publish","type":"page","link":"https:\/\/projekt.ppm.edu.pl\/index.php\/mapa-strony\/","title":{"rendered":"Mapa strony"},"content":{"rendered":"<table>\n<tbody>\n<tr>\n<td width=\"30\"><\/td>\n<td><div id=\"simple-sitemap-container-69d0fb2c86b13\" class=\"simple-sitemap-container simple-sitemap-container-69d0fb2c86b13 tab-disabled\"><div class=\"simple-sitemap-wrap\"><h3 class=\"post-type\">Strony<\/h3><ul class=\"simple-sitemap-page main\"><li class=\"sitemap-item page_item page-item-143 page_item_has_children\"><a href=\"https:\/\/projekt.ppm.edu.pl\/index.php\/en\/about-project\/\">About<\/a>\n<ul class='children'>\n\t<li class=\"sitemap-item page_item page-item-750\"><a href=\"https:\/\/projekt.ppm.edu.pl\/index.php\/en\/about-project\/objectives-of-the-project\/\">Objectives of the Project<\/a><\/li>\n\t<li class=\"sitemap-item page_item page-item-753\"><a href=\"https:\/\/projekt.ppm.edu.pl\/index.php\/en\/about-project\/timeline-of-the-project\/\">Timeline of the Project<\/a><\/li>\n<\/ul>\n<\/li>\n<li class=\"sitemap-item page_item page-item-11\"><a href=\"https:\/\/projekt.ppm.edu.pl\/index.php\/aktualnosci\/\">Aktualno\u015bci<\/a><\/li>\n<li class=\"sitemap-item page_item page-item-161\"><a href=\"https:\/\/projekt.ppm.edu.pl\/index.php\/en\/contact\/\">Contact<\/a><\/li>\n<li class=\"sitemap-item page_item page-item-1173\"><a href=\"https:\/\/projekt.ppm.edu.pl\/index.php\/en\/cc-licenses\/\">Creative Commons licenses<\/a><\/li>\n<li class=\"sitemap-item page_item page-item-17\"><a href=\"https:\/\/projekt.ppm.edu.pl\/index.php\/faq\/\">FAQ<\/a><\/li>\n<li class=\"sitemap-item page_item page-item-159\"><a href=\"https:\/\/projekt.ppm.edu.pl\/index.php\/en\/faq-2\/\">FAQ<\/a><\/li>\n<li class=\"sitemap-item page_item page-item-953\"><a href=\"https:\/\/projekt.ppm.edu.pl\/index.php\/faq-copy\/\">FAQ  Copy<\/a><\/li>\n<li class=\"sitemap-item page_item page-item-731\"><a href=\"https:\/\/projekt.ppm.edu.pl\/index.php\/en\/faq-en\/\">FAQ-en<\/a><\/li>\n<li class=\"sitemap-item page_item page-item-829\"><a href=\"https:\/\/projekt.ppm.edu.pl\/index.php\/formularz-rejestracji\/\">Formularz rejestracji<\/a><\/li>\n<li class=\"sitemap-item page_item page-item-720\"><a href=\"https:\/\/projekt.ppm.edu.pl\/index.php\/en\/general-information\/\">General information<\/a><\/li>\n<li class=\"sitemap-item page_item page-item-954\"><a href=\"https:\/\/projekt.ppm.edu.pl\/index.php\/zapis_na_szkolenia_przyklad\/\">Harmonogam szkolen<\/a><\/li>\n<li class=\"sitemap-item page_item page-item-858\"><a href=\"https:\/\/projekt.ppm.edu.pl\/index.php\/harmonogram\/\">Harmonogram<\/a><\/li>\n<li class=\"sitemap-item page_item page-item-962\"><a href=\"https:\/\/projekt.ppm.edu.pl\/index.php\/harmonogram_\/\">Harmonogram<\/a><\/li>\n<li class=\"sitemap-item page_item page-item-924\"><a href=\"https:\/\/projekt.ppm.edu.pl\/index.php\/harmonogram-szkolen-gdanski-uniwersytet-medyczny\/\">Harmonogram szkole\u0144 - Gda\u0144ski Uniwersytet Medyczny<\/a><\/li>\n<li class=\"sitemap-item page_item page-item-934\"><a href=\"https:\/\/projekt.ppm.edu.pl\/index.php\/harmonogram-szkolen-instytut-medycyny-pracy-im-prof-jerzego-nofera-w-lodzi\/\">Harmonogram szkole\u0144 - Instytut Medycyny Pracy im. prof. Jerzego Nofera w \u0141odzi<\/a><\/li>\n<li class=\"sitemap-item page_item page-item-930\"><a href=\"https:\/\/projekt.ppm.edu.pl\/index.php\/harmonogram-szkolen-pomorski-uniwersytet-medyczny\/\">Harmonogram szkole\u0144 - Pomorski Uniwersytet Medyczny<\/a><\/li>\n<li class=\"sitemap-item page_item page-item-926\"><a href=\"https:\/\/projekt.ppm.edu.pl\/index.php\/harmonogram-szkolen-slaski-uniwersytet-medyczny\/\">Harmonogram szkole\u0144 - \u015al\u0105ski Uniwersytet Medyczny<\/a><\/li>\n<li class=\"sitemap-item page_item page-item-920\"><a href=\"https:\/\/projekt.ppm.edu.pl\/index.php\/harmonogram-szkolen-uniwersytet-medyczny-im-piastow-slaskich-we-wroclawiu\/\">Harmonogram szkole\u0144 - Uniwersytet Medyczny im. Piast\u00f3w \u015al\u0105skich we Wroc\u0142awiu<\/a><\/li>\n<li class=\"sitemap-item page_item page-item-922\"><a href=\"https:\/\/projekt.ppm.edu.pl\/index.php\/harmonogram-szkolen-uniwersytet-medyczny-w-bialymstoku\/\">Harmonogram szkole\u0144 - Uniwersytet Medyczny w Bia\u0142ymstoku<\/a><\/li>\n<li class=\"sitemap-item page_item page-item-928\"><a href=\"https:\/\/projekt.ppm.edu.pl\/index.php\/harmonogram-szkolen-uniwersytet-medyczny-w-lublinie\/\">Harmonogram szkole\u0144 - Uniwersytet Medyczny w Lublinie<\/a><\/li>\n<li class=\"sitemap-item page_item page-item-932\"><a href=\"https:\/\/projekt.ppm.edu.pl\/index.php\/harmonogram-szkolen-warszawski-uniwersytet-medyczny\/\">Harmonogram szkole\u0144 - Warszawski Uniwersytet Medyczny<\/a><\/li>\n<li class=\"sitemap-item page_item page-item-170\"><a href=\"https:\/\/projekt.ppm.edu.pl\/index.php\/en\/start-2\/\">Home<\/a><\/li>\n<li class=\"sitemap-item page_item page-item-28\"><a href=\"https:\/\/projekt.ppm.edu.pl\/index.php\/kalendarium\/\">Kalendarium wydarze\u0144<\/a><\/li>\n<li class=\"sitemap-item page_item page-item-799\"><a href=\"https:\/\/projekt.ppm.edu.pl\/index.php\/konferencja\/\">Konferencja<\/a><\/li>\n<li class=\"sitemap-item page_item page-item-15\"><a href=\"https:\/\/projekt.ppm.edu.pl\/index.php\/kontakt\/\">Kontakt<\/a><\/li>\n<li class=\"sitemap-item page_item page-item-1222\"><a href=\"https:\/\/projekt.ppm.edu.pl\/index.php\/licencje-cc\/\">Licencje Creative Commons<\/a><\/li>\n<li class=\"sitemap-item page_item page-item-87\"><a href=\"https:\/\/projekt.ppm.edu.pl\/index.php\/mapa-strony\/\">Mapa strony<\/a><\/li>\n<li class=\"sitemap-item page_item page-item-1088\"><a href=\"https:\/\/projekt.ppm.edu.pl\/index.php\/materialy-promocyjne\/\">Materia\u0142y promocyjne<\/a><\/li>\n<li class=\"sitemap-item page_item page-item-862\"><a href=\"https:\/\/projekt.ppm.edu.pl\/index.php\/materialy-szkoleniowe\/\">Materia\u0142y szkoleniowe<\/a><\/li>\n<li class=\"sitemap-item page_item page-item-757\"><a href=\"https:\/\/projekt.ppm.edu.pl\/index.php\/en\/media-coverage\/\">Media coverage<\/a><\/li>\n<li class=\"sitemap-item page_item page-item-157\"><a href=\"https:\/\/projekt.ppm.edu.pl\/index.php\/en\/news\/\">News<\/a><\/li>\n<li class=\"sitemap-item page_item page-item-9 page_item_has_children\"><a href=\"https:\/\/projekt.ppm.edu.pl\/index.php\/o-projekcie\/\">O projekcie<\/a>\n<ul class='children'>\n\t<li class=\"sitemap-item page_item page-item-207\"><a href=\"https:\/\/projekt.ppm.edu.pl\/index.php\/o-projekcie\/cele-projektu\/\">Cele Projektu<\/a><\/li>\n\t<li class=\"sitemap-item page_item page-item-117\"><a href=\"https:\/\/projekt.ppm.edu.pl\/index.php\/o-projekcie\/kalendarium-projektu\/\">Kalendarium projektu<\/a><\/li>\n\t<li class=\"sitemap-item page_item page-item-211\"><a href=\"https:\/\/projekt.ppm.edu.pl\/index.php\/o-projekcie\/partnerzy\/\">Lider oraz Partnerzy Projektu<\/a><\/li>\n\t<li class=\"sitemap-item page_item page-item-213\"><a href=\"https:\/\/projekt.ppm.edu.pl\/index.php\/o-projekcie\/media-o-nas\/\">Media o nas<\/a><\/li>\n<\/ul>\n<\/li>\n<li class=\"sitemap-item page_item page-item-1200\"><a href=\"https:\/\/projekt.ppm.edu.pl\/index.php\/o-projekcie-2\/\">O projekcie<\/a><\/li>\n<li class=\"sitemap-item page_item page-item-860\"><a href=\"https:\/\/projekt.ppm.edu.pl\/index.php\/o-szkoleniach\/\">O szkoleniach<\/a><\/li>\n<li class=\"sitemap-item page_item page-item-244\"><a href=\"https:\/\/projekt.ppm.edu.pl\/index.php\/en\/openness-in-science\/\">Openness in Science<\/a><\/li>\n<li class=\"sitemap-item page_item page-item-13 page_item_has_children\"><a href=\"https:\/\/projekt.ppm.edu.pl\/index.php\/otwartosc-w-nauce\/\">Otwarto\u015b\u0107 w nauce<\/a>\n<ul class='children'>\n\t<li class=\"sitemap-item page_item page-item-223\"><a href=\"https:\/\/projekt.ppm.edu.pl\/index.php\/otwartosc-w-nauce\/open-access\/\">Kwestie prawno-autorskie<\/a><\/li>\n\t<li class=\"sitemap-item page_item page-item-221\"><a href=\"https:\/\/projekt.ppm.edu.pl\/index.php\/otwartosc-w-nauce\/licencje-creative-commons\/\">Licencje CC z linkami<\/a><\/li>\n\t<li class=\"sitemap-item page_item page-item-215\"><a href=\"https:\/\/projekt.ppm.edu.pl\/index.php\/otwartosc-w-nauce\/polityka-otwartosci-ppm\/\">Polityka otwarto\u015bci PPM<\/a><\/li>\n\t<li class=\"sitemap-item page_item page-item-217\"><a href=\"https:\/\/projekt.ppm.edu.pl\/index.php\/otwartosc-w-nauce\/otwarta-nauka\/\">Rekomendacje ministerialne<\/a><\/li>\n\t<li class=\"sitemap-item page_item page-item-219\"><a href=\"https:\/\/projekt.ppm.edu.pl\/index.php\/otwartosc-w-nauce\/wzory-licencji-ppm\/\">Wzory licencji CC do pobrania<\/a><\/li>\n<\/ul>\n<\/li>\n<li class=\"sitemap-item page_item page-item-529\"><a href=\"https:\/\/projekt.ppm.edu.pl\/index.php\/podglad\/\">podglad<\/a><\/li>\n<li class=\"sitemap-item page_item page-item-1231\"><a href=\"https:\/\/projekt.ppm.edu.pl\/index.php\/przewodnik-o-danych-badawczych\/\">Poradnik o danych badawczych<\/a><\/li>\n<li class=\"sitemap-item page_item page-item-1120\"><a href=\"https:\/\/projekt.ppm.edu.pl\/index.php\/en\/ppm-open-access-policy\/\">PPM Open Access Policy<\/a><\/li>\n<li class=\"sitemap-item page_item page-item-1103\"><a href=\"https:\/\/projekt.ppm.edu.pl\/index.php\/en\/promotional-materials\/\">Promotional materials<\/a><\/li>\n<li class=\"sitemap-item page_item page-item-46\"><a href=\"https:\/\/projekt.ppm.edu.pl\/index.php\/registration-cancelled\/\">Registration Cancelled<\/a><\/li>\n<li class=\"sitemap-item page_item page-item-43\"><a href=\"https:\/\/projekt.ppm.edu.pl\/index.php\/registration-checkout\/\">Registration Checkout<\/a><\/li>\n<li class=\"sitemap-item page_item page-item-241\"><a href=\"https:\/\/projekt.ppm.edu.pl\/index.php\/regulamin\/\">Regulamin<\/a><\/li>\n<li class=\"sitemap-item page_item page-item-248\"><a href=\"https:\/\/projekt.ppm.edu.pl\/index.php\/en\/reposotories\/\">REPOSOTORIES<\/a><\/li>\n<li class=\"sitemap-item page_item page-item-19\"><a href=\"https:\/\/projekt.ppm.edu.pl\/index.php\/repozytorium\/\">Repozytoria<\/a><\/li>\n<li class=\"sitemap-item page_item page-item-5\"><a href=\"https:\/\/projekt.ppm.edu.pl\/\">Start<\/a><\/li>\n<li class=\"sitemap-item page_item page-item-856\"><a href=\"https:\/\/projekt.ppm.edu.pl\/index.php\/szkolenia\/\">Szkolenia<\/a><\/li>\n<li class=\"sitemap-item page_item page-item-958\"><a href=\"https:\/\/projekt.ppm.edu.pl\/index.php\/szkolenia_\/\">Szkolenia PPM<\/a><\/li>\n<li class=\"sitemap-item page_item page-item-45\"><a href=\"https:\/\/projekt.ppm.edu.pl\/index.php\/thank-you\/\">Thank You<\/a><\/li>\n<li class=\"sitemap-item page_item page-item-44\"><a href=\"https:\/\/projekt.ppm.edu.pl\/index.php\/transactions\/\">Transactions<\/a><\/li>\n<li class=\"sitemap-item page_item page-item-864\"><a href=\"https:\/\/projekt.ppm.edu.pl\/index.php\/zglos-temat\/\">Zg\u0142o\u015b temat<\/a><\/li>\n<\/ul><\/div><\/div><br style=\"clear: both;\"><\/td>\n<\/tr>\n<\/tbody>\n<\/table>\n","protected":false},"excerpt":{"rendered":"","protected":false},"author":1,"featured_media":0,"parent":0,"menu_order":0,"comment_status":"closed","ping_status":"closed","template":"","meta":{"footnotes":""},"class_list":["post-87","page","type-page","status-publish","hentry"],"_links":{"self":[{"href":"https:\/\/projekt.ppm.edu.pl\/index.php\/wp-json\/wp\/v2\/pages\/87","targetHints":{"allow":["GET"]}}],"collection":[{"href":"https:\/\/projekt.ppm.edu.pl\/index.php\/wp-json\/wp\/v2\/pages"}],"about":[{"href":"https:\/\/projekt.ppm.edu.pl\/index.php\/wp-json\/wp\/v2\/types\/page"}],"author":[{"embeddable":true,"href":"https:\/\/projekt.ppm.edu.pl\/index.php\/wp-json\/wp\/v2\/users\/1"}],"replies":[{"embeddable":true,"href":"https:\/\/projekt.ppm.edu.pl\/index.php\/wp-json\/wp\/v2\/comments?post=87"}],"version-history":[{"count":0,"href":"https:\/\/projekt.ppm.edu.pl\/index.php\/wp-json\/wp\/v2\/pages\/87\/revisions"}],"wp:attachment":[{"href":"https:\/\/projekt.ppm.edu.pl\/index.php\/wp-json\/wp\/v2\/media?parent=87"}],"curies":[{"name":"wp","href":"https:\/\/api.w.org\/{rel}","templated":true}]}}