{"id":215,"date":"2019-01-01T21:25:34","date_gmt":"2019-01-01T20:25:34","guid":{"rendered":"http:\/\/nfinity-beta.pl\/platforma-medyczna\/?page_id=215"},"modified":"2021-01-27T13:31:34","modified_gmt":"2021-01-27T12:31:34","slug":"polityka-otwartosci-ppm","status":"publish","type":"page","link":"https:\/\/projekt.ppm.edu.pl\/index.php\/otwartosc-w-nauce\/polityka-otwartosci-ppm\/","title":{"rendered":"Polityka otwarto\u015bci PPM"},"content":{"rendered":"<h1>Polityka otwarto\u015bci PPM<\/h1>\n<p>Polska Platforma Medyczna swoje dzia\u0142ania w zakresie otwartego udost\u0119pniania opiera na wsp\u00f3lnej dla wszystkich<a href=\"http:\/\/projekt.ppm.edu.pl\/index.php\/o-projekcie\/partnerzy\/\"> partner\u00f3w<\/a> Polityce Otwartego Dost\u0119pu (<a href=\"http:\/\/projekt.ppm.edu.pl\/wp-content\/uploads\/2019\/01\/Polityka-Otwarto\u015bci-PPM.pdf\">Polityka Otwarto\u015bci PPM<\/a>). Jednolity tekst polityki otwarto\u015bci, zgodny z definicj\u0105 rekomendowan\u0105 przez Ministerstwo Nauki i Szkolnictwa Wy\u017cszego, zosta\u0142 opracowany w my\u015bl zasady transparentno\u015bci z uwzgl\u0119dnieniem korzy\u015bci p\u0142yn\u0105cych ze wsp\u00f3\u0142pracy i transferu wiedzy.<\/p>\n<p>Pragn\u0105c zapewni\u0107 dost\u0119p do publikacji oraz danych badawczych bez ogranicze\u0144, uchwa\u0142ami senat\u00f3w uczelni\/zarz\u0105dzeniem wewn\u0119trznym dyrektora wesz\u0142y w \u017cycie, wg nast\u0119puj\u0105cego kalendarza, zapisy Polityki Otwartego Dost\u0119pu Polskiej Platformy Medycznej:<\/p>\n<p>Uniwersytet Medyczny we Wroc\u0142awiu &#8211; 25.09.2018,<\/p>\n<p>Uniwersytet Medyczny w Bia\u0142ymstoku &#8211; 27.09.2018,<\/p>\n<p>Gda\u0144ski Uniwersytet Medyczny &#8211; 24.09.2018,<\/p>\n<p>\u015al\u0105ski Uniwersytet Medyczny w Katowicach &#8211; 24.10.2018,<\/p>\n<p>Uniwersytet Medyczny w Lublinie -24.10.2018,<\/p>\n<p>Pomorski Uniwersytet Medyczny w Szczecinie &#8211; 26.09.2018,<\/p>\n<p>Warszawski Uniwersytet Medyczny &#8211; 24.09.2018,<\/p>\n<p>Instytut Medycyny Pracy w \u0141odzi &#8211; 26.09.2018.<\/p>\n","protected":false},"excerpt":{"rendered":"<p>Polityka otwarto\u015bci PPM Polska Platforma Medyczna swoje dzia\u0142ania w zakresie otwartego udost\u0119pniania opiera na wsp\u00f3lnej dla wszystkich partner\u00f3w Polityce Otwartego Dost\u0119pu (Polityka Otwarto\u015bci PPM). Jednolity tekst polityki otwarto\u015bci, zgodny z definicj\u0105 rekomendowan\u0105 przez Ministerstwo Nauki i Szkolnictwa Wy\u017cszego, zosta\u0142 opracowany w my\u015bl zasady transparentno\u015bci z uwzgl\u0119dnieniem korzy\u015bci p\u0142yn\u0105cych ze wsp\u00f3\u0142pracy i transferu wiedzy. Pragn\u0105c zapewni\u0107&hellip; <a class=\"continue\" href=\"https:\/\/projekt.ppm.edu.pl\/index.php\/otwartosc-w-nauce\/polityka-otwartosci-ppm\/\">Czytaj dalej: <span> Polityka otwarto\u015bci PPM<\/span><\/a><\/p>\n","protected":false},"author":1,"featured_media":204,"parent":13,"menu_order":0,"comment_status":"closed","ping_status":"closed","template":"page-col.php","meta":{"footnotes":""},"class_list":["post-215","page","type-page","status-publish","has-post-thumbnail","hentry"],"_links":{"self":[{"href":"https:\/\/projekt.ppm.edu.pl\/index.php\/wp-json\/wp\/v2\/pages\/215","targetHints":{"allow":["GET"]}}],"collection":[{"href":"https:\/\/projekt.ppm.edu.pl\/index.php\/wp-json\/wp\/v2\/pages"}],"about":[{"href":"https:\/\/projekt.ppm.edu.pl\/index.php\/wp-json\/wp\/v2\/types\/page"}],"author":[{"embeddable":true,"href":"https:\/\/projekt.ppm.edu.pl\/index.php\/wp-json\/wp\/v2\/users\/1"}],"replies":[{"embeddable":true,"href":"https:\/\/projekt.ppm.edu.pl\/index.php\/wp-json\/wp\/v2\/comments?post=215"}],"version-history":[{"count":0,"href":"https:\/\/projekt.ppm.edu.pl\/index.php\/wp-json\/wp\/v2\/pages\/215\/revisions"}],"up":[{"embeddable":true,"href":"https:\/\/projekt.ppm.edu.pl\/index.php\/wp-json\/wp\/v2\/pages\/13"}],"wp:featuredmedia":[{"embeddable":true,"href":"https:\/\/projekt.ppm.edu.pl\/index.php\/wp-json\/wp\/v2\/media\/204"}],"wp:attachment":[{"href":"https:\/\/projekt.ppm.edu.pl\/index.php\/wp-json\/wp\/v2\/media?parent=215"}],"curies":[{"name":"wp","href":"https:\/\/api.w.org\/{rel}","templated":true}]}}