{"id":207,"date":"2019-01-01T21:23:36","date_gmt":"2019-01-01T20:23:36","guid":{"rendered":"http:\/\/nfinity-beta.pl\/platforma-medyczna\/?page_id=207"},"modified":"2020-04-08T13:51:06","modified_gmt":"2020-04-08T11:51:06","slug":"cele-projektu","status":"publish","type":"page","link":"https:\/\/projekt.ppm.edu.pl\/index.php\/o-projekcie\/cele-projektu\/","title":{"rendered":"Cele Projektu"},"content":{"rendered":"<h1>Cele Projektu<\/h1>\n<p>&nbsp;<\/p>\n<h2>G\u0142\u00f3wny cel : Cyfrowe udost\u0119pnienie zasob\u00f3w nauki<\/h2>\n<p>&nbsp;<\/p>\n<p>G\u0142\u00f3wnym celem projektu Polska Platforma Medyczna jest cyfrowe udost\u0119pnienie zasob\u00f3w nauki <a href=\"http:\/\/www.ppm.edu.pl\/index.php\/o-projekcie\/partnerzy\/\">Partner\u00f3w Projektu PPM<\/a> poprzez ich zdeponowanie na serwerach projektowych w postaci elektronicznej i opatrzenie metadanymi, a tak\u017ce udost\u0119pnienie w Internecie w formatach dostosowanych do przetwarzania maszynowego.<\/p>\n<p>Cele Projektu pn. Polska Platforma Medyczna zosta\u0142y wyznaczone na podstawie przeprowadzonej analizy \u015brodowiska spo\u0142eczno-gospodarczego i zapewni\u0105 realizacj\u0119 w szczeg\u00f3lno\u015bci nast\u0119puj\u0105cych potrzeb tego \u015brodowiska:<\/p>\n<h2>Inne<\/h2>\n<ul>\n<li>Zapewnienie otwartego dost\u0119pu do pe\u0142nych tekst\u00f3w publikacji, rozpraw doktorskich, danych badawczych i innych dokument\u00f3w w repozytorium.<\/li>\n<li>Prezentacja potencja\u0142u badawczego uczelni i instytut\u00f3w medycznych na wsp\u00f3lnej platformie.<\/li>\n<li>Prezentacja osi\u0105gni\u0119\u0107 naukowych uczelni i instytut\u00f3w medycznych na wsp\u00f3lnej platformie.<\/li>\n<li>Zapewnienie dost\u0119pu do bazy ekspert\u00f3w z r\u00f3\u017cnych dyscyplin medycyny.<\/li>\n<li>Promocja dorobku naukowego Polski na arenie mi\u0119dzynarodowej.<\/li>\n<li>Zapewnienie nieograniczonego dost\u0119pu do danych w wymiarze czasowym i przestrzennym.<\/li>\n<li>Automatyzacja proces\u00f3w zwi\u0105zanych z tworzeniem profili naukowc\u00f3w i potencja\u0142u jednostek.<\/li>\n<li>Wykorzystanie wynik\u00f3w bada\u0144 w sektorze biznesu.<\/li>\n<li>Mo\u017cliwo\u015b\u0107 generowania raport\u00f3w i analiz w zakresie danych przechowywanych w systemie.<\/li>\n<li>Szeroki dost\u0119p do aktualno\u015bci w polskiej medycynie.<\/li>\n<li>U\u0142atwienie dost\u0119pu do program\u00f3w finansuj\u0105cych badania naukowe i racjonalizacja nak\u0142ad\u00f3w<br \/>\nna badania naukowe.<\/li>\n<\/ul>\n<p>&nbsp;<\/p>\n<p>G\u0142\u00f3wny cel projektu PPM &#8211; cyfrowe udost\u0119pnienie zasob\u00f3w nauki Partner\u00f3w Projektu PPM &#8211; zostanie osi\u0105gni\u0119ty poprzez realizacj\u0119 nast\u0119puj\u0105cych cel\u00f3w szczeg\u00f3\u0142owych:<\/p>\n<h2>Cele szczeg\u00f3\u0142owe:<\/h2>\n<ul>\n<li>Po\u0142\u0105czenie na jednej platformie i zapewnienie otwartego dost\u0119pu do zasob\u00f3w nauki z zakresu medycyny, farmacji, stomatologii, zdrowia publicznego, bezpiecze\u0144stwa i higieny pracy, ergonomii i ochrony zdrowia.<\/li>\n<li>Stworzenie bazy ekspert\u00f3w z r\u00f3\u017cnych dyscyplin medycyny i u\u0142atwienie wsp\u00f3\u0142pracy mi\u0119dzy o\u015brodkami naukowymi i przedstawicielami otoczenia spo\u0142eczno-gospodarczego.<\/li>\n<li>Poprawa jako\u015bci i otwarto\u015bci udost\u0119pnianych zasob\u00f3w poprzez zwi\u0119kszenie ich dost\u0119pno\u015bci wed\u0142ug skali 5 Star Open Data.<\/li>\n<li>U\u0142atwienie podmiotom spoza sektora finans\u00f3w publicznych, dzia\u0142aj\u0105cych w dziedzinie medycyny i nauk pokrewnych ponownego wykorzystania ZN.<\/li>\n<li>Zwi\u0119kszenie dost\u0119pno\u015bci do zasob\u00f3w nauki gromadzonych u partner\u00f3w projektu dla os\u00f3b niewidz\u0105cych, niedos\u0142ysz\u0105cych poprzez dostosowanie i cyfrow\u0105 prezentacj\u0119 danych zgodnie ze standardami WCAG 2.0.<\/li>\n<\/ul>\n<p>&nbsp;<\/p>\n<p>Realizacja projektu jest w pe\u0142ni zgodna z za\u0142o\u017ceniami Programu Operacyjnego Polska Cyfrowa:<\/p>\n<p>Cel g\u0142\u00f3wny: wzmocnienie cyfrowych fundament\u00f3w dla rozwoju kraju,<\/p>\n<p>Cel szczeg\u00f3\u0142owy 4: Cyfrowa dost\u0119pno\u015b\u0107 i u\u017cyteczno\u015b\u0107 informacji sektora publicznego,<\/p>\n<p>Priorytet II: E-Administracja i otwarty rz\u0105d,<\/p>\n<p>Dzia\u0142anie 2.3: Cyfrowa dost\u0119pno\u015b\u0107 i u\u017cyteczno\u015b\u0107 informacji sektora publicznego,<br \/>\nPoddzia\u0142anie 2.3.1: cyfrowe udost\u0119pnienie informacji sektora publicznego ze \u017ar\u00f3de\u0142 administracyjnych i zasob\u00f3w nauki.<\/p>\n<p>&nbsp;<\/p>\n<p>Wskazane cele zrealizowane zostan\u0105 poprzez stworzenie wsp\u00f3lnej platformy prezentuj\u0105cej i promuj\u0105cej osi\u0105gni\u0119cia naukowe i potencja\u0142 badawczy, a co za tym idzie, zwi\u0119kszenie dost\u0119pno\u015bci i stworzenie mo\u017cliwo\u015bci ponownego wykorzystania informacji sektora publicznego jakimi s\u0105 zasoby nauki partner\u00f3w projektu. Projekt zrealizuje wska\u017anik rezultatu strategicznego m.in. poprzez stworzenie systemu otwartego dost\u0119pu do pe\u0142nych tekst\u00f3w publikacji, rozpraw doktorskich, danych badawczych i innych dokument\u00f3w w repozytorium, a tak\u017ce zapewnienie nieograniczonego dost\u0119pu do danych w wymiarze czasowym i przestrzennym.<\/p>\n","protected":false},"excerpt":{"rendered":"<p>Cele Projektu &nbsp; G\u0142\u00f3wny cel : Cyfrowe udost\u0119pnienie zasob\u00f3w nauki &nbsp; G\u0142\u00f3wnym celem projektu Polska Platforma Medyczna jest cyfrowe udost\u0119pnienie zasob\u00f3w nauki Partner\u00f3w Projektu PPM poprzez ich zdeponowanie na serwerach projektowych w postaci elektronicznej i opatrzenie metadanymi, a tak\u017ce udost\u0119pnienie w Internecie w formatach dostosowanych do przetwarzania maszynowego. Cele Projektu pn. Polska Platforma Medyczna zosta\u0142y&hellip; <a class=\"continue\" href=\"https:\/\/projekt.ppm.edu.pl\/index.php\/o-projekcie\/cele-projektu\/\">Czytaj dalej: <span> Cele Projektu<\/span><\/a><\/p>\n","protected":false},"author":1,"featured_media":204,"parent":9,"menu_order":0,"comment_status":"closed","ping_status":"closed","template":"page-col.php","meta":{"footnotes":""},"class_list":["post-207","page","type-page","status-publish","has-post-thumbnail","hentry"],"_links":{"self":[{"href":"https:\/\/projekt.ppm.edu.pl\/index.php\/wp-json\/wp\/v2\/pages\/207","targetHints":{"allow":["GET"]}}],"collection":[{"href":"https:\/\/projekt.ppm.edu.pl\/index.php\/wp-json\/wp\/v2\/pages"}],"about":[{"href":"https:\/\/projekt.ppm.edu.pl\/index.php\/wp-json\/wp\/v2\/types\/page"}],"author":[{"embeddable":true,"href":"https:\/\/projekt.ppm.edu.pl\/index.php\/wp-json\/wp\/v2\/users\/1"}],"replies":[{"embeddable":true,"href":"https:\/\/projekt.ppm.edu.pl\/index.php\/wp-json\/wp\/v2\/comments?post=207"}],"version-history":[{"count":0,"href":"https:\/\/projekt.ppm.edu.pl\/index.php\/wp-json\/wp\/v2\/pages\/207\/revisions"}],"up":[{"embeddable":true,"href":"https:\/\/projekt.ppm.edu.pl\/index.php\/wp-json\/wp\/v2\/pages\/9"}],"wp:featuredmedia":[{"embeddable":true,"href":"https:\/\/projekt.ppm.edu.pl\/index.php\/wp-json\/wp\/v2\/media\/204"}],"wp:attachment":[{"href":"https:\/\/projekt.ppm.edu.pl\/index.php\/wp-json\/wp\/v2\/media?parent=207"}],"curies":[{"name":"wp","href":"https:\/\/api.w.org\/{rel}","templated":true}]}}